{"id":251,"date":"2021-08-06T06:25:16","date_gmt":"2021-08-06T06:25:16","guid":{"rendered":"https:\/\/autismancaar.ro\/abil\/?page_id=251"},"modified":"2022-06-21T05:19:04","modified_gmt":"2022-06-21T05:19:04","slug":"home","status":"publish","type":"page","link":"http:\/\/autismancaar.ro\/abil\/","title":{"rendered":"Home"},"content":{"rendered":"<p><img loading=\"lazy\" decoding=\"async\" class=\"alignnone size-full wp-image-134\" src=\"http:\/\/autismancaar.ro\/abil\/wp-content\/uploads\/2017\/10\/Banner-2.jpg\" alt=\"\" width=\"1280\" height=\"633\" srcset=\"http:\/\/autismancaar.ro\/abil\/wp-content\/uploads\/2017\/10\/Banner-2.jpg 1280w, http:\/\/autismancaar.ro\/abil\/wp-content\/uploads\/2017\/10\/Banner-2-300x148.jpg 300w, http:\/\/autismancaar.ro\/abil\/wp-content\/uploads\/2017\/10\/Banner-2-768x380.jpg 768w, http:\/\/autismancaar.ro\/abil\/wp-content\/uploads\/2017\/10\/Banner-2-1024x506.jpg 1024w\" sizes=\"auto, (max-width: 1280px) 100vw, 1280px\" \/><\/p>\n<h1 style=\"text-align: center;\"><strong>Acest proiect este finan\u021bat de Velux Foundations. Mai multe despre aceast\u0103 funda\u0163ie, v\u0103 invit\u0103m s\u0103 accesa\u0163i pagina destinat\u0103 finan\u0163atorului.<\/strong><\/h1>\n<hr \/>\n<div style=\"overflow-x: auto;\">\n<table cellspacing=\"0\" cellpadding=\"0\">\n<tbody>\n<tr>\n<td>\n<h1 class=\"post_title\"><a href=\"http:\/\/autismancaar.ro\/abil\/2018\/06\/21\/lansarea-proiectului-abil\/\">Lansarea Proiectului ABIL<\/a><\/h1>\n<p><a href=\"http:\/\/autismancaar.ro\/abil\/2018\/06\/21\/lansarea-proiectului-abil\/\"><img loading=\"lazy\" decoding=\"async\" class=\"size-medium wp-image-139 alignleft\" src=\"http:\/\/autismancaar.ro\/abil\/wp-content\/uploads\/2018\/06\/IMG_2604-300x225.jpg\" alt=\"\" width=\"300\" height=\"225\" srcset=\"http:\/\/autismancaar.ro\/abil\/wp-content\/uploads\/2018\/06\/IMG_2604-300x225.jpg 300w, http:\/\/autismancaar.ro\/abil\/wp-content\/uploads\/2018\/06\/IMG_2604-768x576.jpg 768w, http:\/\/autismancaar.ro\/abil\/wp-content\/uploads\/2018\/06\/IMG_2604.jpg 800w\" sizes=\"auto, (max-width: 300px) 100vw, 300px\" \/><\/a><\/td>\n<td>\n<h1 class=\"post_title\"><a href=\"http:\/\/autismancaar.ro\/abil\/2021\/08\/05\/ancaar-aduce-in-fata-societatii-proiectul-abil\/\">ANCAAR aduce \u00een fa\u021ba societ\u0103\u021bii PROIECTUL ABIL<\/a><\/h1>\n<p><a href=\"http:\/\/autismancaar.ro\/abil\/2021\/08\/05\/ancaar-aduce-in-fata-societatii-proiectul-abil\/\"><img loading=\"lazy\" decoding=\"async\" class=\"alignleft wp-image-237 size-medium\" src=\"http:\/\/autismancaar.ro\/abil\/wp-content\/uploads\/2018\/06\/conferinta_84-300x200.jpg\" alt=\"\" width=\"300\" height=\"200\" srcset=\"http:\/\/autismancaar.ro\/abil\/wp-content\/uploads\/2018\/06\/conferinta_84-300x200.jpg 300w, http:\/\/autismancaar.ro\/abil\/wp-content\/uploads\/2018\/06\/conferinta_84-768x512.jpg 768w, http:\/\/autismancaar.ro\/abil\/wp-content\/uploads\/2018\/06\/conferinta_84.jpg 1024w\" sizes=\"auto, (max-width: 300px) 100vw, 300px\" \/><\/a><\/td>\n<td>\n<h1><a href=\"http:\/\/veluxfoundations.dk\/da\" target=\"_blank\" rel=\"noopener\">Finan\u0163ator<\/a><\/h1>\n<p><a href=\"http:\/\/veluxfoundations.dk\/da\"><img loading=\"lazy\" decoding=\"async\" class=\"size-medium wp-image-81 alignleft\" src=\"http:\/\/autismancaar.ro\/abil\/wp-content\/uploads\/2017\/01\/copy-campanie-banner-1-300x39.jpg\" alt=\"\" width=\"300\" height=\"39\" srcset=\"http:\/\/autismancaar.ro\/abil\/wp-content\/uploads\/2017\/01\/copy-campanie-banner-1-300x39.jpg 300w, http:\/\/autismancaar.ro\/abil\/wp-content\/uploads\/2017\/01\/copy-campanie-banner-1.jpg 460w\" sizes=\"auto, (max-width: 300px) 100vw, 300px\" \/><\/a><\/td>\n<\/tr>\n<\/tbody>\n<\/table>\n<h2 class=\"art-PostHeader\"><a title=\"Permanent Link to Exist\u0103 \u0219ansa la integrare social\u0103 real\u0103 pentru persoanele cuautism!\" href=\"http:\/\/autismancaar.ro\/abil\/2022\/06\/21\/exista-sansa-la-integrare-sociala-reala-pentru-persoanele-cuautism\/\" rel=\"bookmark\">&gt;&gt;&gt; Exist\u0103 \u0219ansa la integrare social\u0103 real\u0103 pentru persoanele cuautism!<\/a><\/h2>\n<\/div>\n","protected":false},"excerpt":{"rendered":"<p>Acest proiect este finan\u021bat de Velux Foundations. Mai multe despre aceast\u0103 funda\u0163ie, v\u0103 invit\u0103m s\u0103 accesa\u0163i pagina destinat\u0103 finan\u0163atorului. Lansarea Proiectului ABIL ANCAAR aduce \u00een fa\u021ba societ\u0103\u021bii PROIECTUL ABIL Finan\u0163ator &gt;&gt;&gt; Exist\u0103 \u0219ansa la integrare social\u0103 real\u0103 pentru persoanele cuautism!<\/p>\n","protected":false},"author":1,"featured_media":0,"parent":0,"menu_order":0,"comment_status":"closed","ping_status":"closed","template":"template-fullwidth.php","meta":{"footnotes":""},"class_list":["post-251","page","type-page","status-publish","hentry"],"_links":{"self":[{"href":"http:\/\/autismancaar.ro\/abil\/wp-json\/wp\/v2\/pages\/251","targetHints":{"allow":["GET"]}}],"collection":[{"href":"http:\/\/autismancaar.ro\/abil\/wp-json\/wp\/v2\/pages"}],"about":[{"href":"http:\/\/autismancaar.ro\/abil\/wp-json\/wp\/v2\/types\/page"}],"author":[{"embeddable":true,"href":"http:\/\/autismancaar.ro\/abil\/wp-json\/wp\/v2\/users\/1"}],"replies":[{"embeddable":true,"href":"http:\/\/autismancaar.ro\/abil\/wp-json\/wp\/v2\/comments?post=251"}],"version-history":[{"count":23,"href":"http:\/\/autismancaar.ro\/abil\/wp-json\/wp\/v2\/pages\/251\/revisions"}],"predecessor-version":[{"id":282,"href":"http:\/\/autismancaar.ro\/abil\/wp-json\/wp\/v2\/pages\/251\/revisions\/282"}],"wp:attachment":[{"href":"http:\/\/autismancaar.ro\/abil\/wp-json\/wp\/v2\/media?parent=251"}],"curies":[{"name":"wp","href":"https:\/\/api.w.org\/{rel}","templated":true}]}}