{"id":11,"date":"2017-01-13T07:42:37","date_gmt":"2017-01-13T07:42:37","guid":{"rendered":"http:\/\/autismancaar.ro\/respiro\/?page_id=11"},"modified":"2017-01-13T08:59:15","modified_gmt":"2017-01-13T08:59:15","slug":"finantator","status":"publish","type":"page","link":"http:\/\/autismancaar.ro\/respiro\/finantator\/","title":{"rendered":"Finan\u021bator"},"content":{"rendered":"<p><img loading=\"lazy\" decoding=\"async\" class=\"size-medium wp-image-18 aligncenter\" src=\"http:\/\/autismancaar.ro\/respiro\/wp-content\/uploads\/2017\/01\/copy-campanie-banner-300x39.jpg\" alt=\"\" width=\"300\" height=\"39\" srcset=\"http:\/\/autismancaar.ro\/respiro\/wp-content\/uploads\/2017\/01\/copy-campanie-banner-300x39.jpg 300w, http:\/\/autismancaar.ro\/respiro\/wp-content\/uploads\/2017\/01\/copy-campanie-banner.jpg 460w\" sizes=\"auto, (max-width: 300px) 100vw, 300px\" \/><\/p>\n<p style=\"text-align: justify; background: white; margin: 6.0pt 0cm 6.0pt 0cm;\"><strong><span style=\"font-size: 10.5pt; font-family: 'Arial','sans-serif'; color: #181910;\">VELUX FOUNDATION<\/span><\/strong><span class=\"apple-converted-space\"><span style=\"font-size: 10.5pt; font-family: 'Arial','sans-serif'; color: #181910;\">\u00a0<\/span><\/span><span style=\"font-size: 10.5pt; font-family: 'Arial','sans-serif'; color: #181910;\">este o funda\u0163ie non-profit care a fost \u00eenfiin\u0163at\u0103 \u00een 1981 de c\u0103tre Villum Kann Rasmussen, fondatorul VELUX Group \u015fi a altor firme din VKR Group, a c\u0103ror misiune este \u00eenseninarea, \u00eemprosp\u0103tarea \u015fi \u00eembun\u0103t\u0103\u0163irea vie\u0163ii de zi cu zi al oamenilor.<br \/>\nVELUX FOUNDATION doneaz\u0103 c\u0103tre persoane mai \u00een v\u00e2rst\u0103 pentru a-i activa \u015fi\u00a0 a-i \u00eencuraja s\u0103 aduc\u0103 o contribu\u0163ie real\u0103 \u00een dezvoltarea vie\u0163ii lor \u015fi a celor din jur.<br \/>\nVELUX FOUNDATION sus\u0163ine proiectele de cercetare \u00een domeniul gerontologiei, oftalmologiei \u015fi proiectele umanitare.<br \/>\n\u00cen afar\u0103 de aceste zone de interes, Funda\u0163ia donez\u0103 sume pentru scopuri culturale, de mediu, sociale \u015fi artistice.<\/span><\/p>\n<p style=\"text-align: justify; background: white; margin: 6.0pt 0cm 6.0pt 0cm;\"><a href=\"http:\/\/autismancaar.ro\/respiro\/finantator-2\/\">Check our English version of this page.<\/a><\/p>\n<p style=\"text-align: justify; background: white; margin: 6.0pt 0cm 6.0pt 0cm;\"><a href=\"http:\/\/autismancaar.ro\/respiro\/financier\">Tjek vores danske version af denne side.<\/a><\/p>\n<p style=\"text-align: justify; background: white; margin: 6.0pt 0cm 6.0pt 0cm;\">\n","protected":false},"excerpt":{"rendered":"<p>VELUX FOUNDATION\u00a0este o funda\u0163ie non-profit care a fost \u00eenfiin\u0163at\u0103 \u00een 1981 de c\u0103tre Villum Kann Rasmussen, fondatorul VELUX Group \u015fi a altor firme din VKR Group, a c\u0103ror misiune este \u00eenseninarea, \u00eemprosp\u0103tarea \u015fi \u00eembun\u0103t\u0103\u0163irea vie\u0163ii de zi cu zi al oamenilor. VELUX FOUNDATION doneaz\u0103 c\u0103tre persoane mai \u00een v\u00e2rst\u0103 pentru a-i activa \u015fi\u00a0 a-i \u00eencuraja [&hellip;]<\/p>\n","protected":false},"author":1,"featured_media":0,"parent":0,"menu_order":0,"comment_status":"closed","ping_status":"closed","template":"","meta":{"footnotes":""},"class_list":["post-11","page","type-page","status-publish","hentry"],"_links":{"self":[{"href":"http:\/\/autismancaar.ro\/respiro\/wp-json\/wp\/v2\/pages\/11","targetHints":{"allow":["GET"]}}],"collection":[{"href":"http:\/\/autismancaar.ro\/respiro\/wp-json\/wp\/v2\/pages"}],"about":[{"href":"http:\/\/autismancaar.ro\/respiro\/wp-json\/wp\/v2\/types\/page"}],"author":[{"embeddable":true,"href":"http:\/\/autismancaar.ro\/respiro\/wp-json\/wp\/v2\/users\/1"}],"replies":[{"embeddable":true,"href":"http:\/\/autismancaar.ro\/respiro\/wp-json\/wp\/v2\/comments?post=11"}],"version-history":[{"count":6,"href":"http:\/\/autismancaar.ro\/respiro\/wp-json\/wp\/v2\/pages\/11\/revisions"}],"predecessor-version":[{"id":60,"href":"http:\/\/autismancaar.ro\/respiro\/wp-json\/wp\/v2\/pages\/11\/revisions\/60"}],"wp:attachment":[{"href":"http:\/\/autismancaar.ro\/respiro\/wp-json\/wp\/v2\/media?parent=11"}],"curies":[{"name":"wp","href":"https:\/\/api.w.org\/{rel}","templated":true}]}}