{"id":51,"date":"2017-01-13T08:54:30","date_gmt":"2017-01-13T08:54:30","guid":{"rendered":"http:\/\/autismancaar.ro\/respiro\/?page_id=51"},"modified":"2017-01-13T08:59:38","modified_gmt":"2017-01-13T08:59:38","slug":"financier","status":"publish","type":"page","link":"http:\/\/autismancaar.ro\/respiro\/financier\/","title":{"rendered":"Financier"},"content":{"rendered":"<h2><a href=\"http:\/\/autismancaar.ro\/respiro\/finantator\/?lang=da\">Financier<\/a><\/h2>\n<p><strong>Velux FONDE<\/strong>\u00a0best\u00e5r af de to almennyttige fonde VILLUM FONDEN og VELUX FONDEN. Blandt vores tilskud omr\u00e5der er naturlige, teknisk, sundhed og humaniora. Vi st\u00f8tter ogs\u00e5 milj\u00f8m\u00e6ssige, sociale og kulturelle form\u00e5l i Danmark og internationalt.<br \/>\nI 2014, de to fonde gav f\u00e6lles donationer af ca.. 150 millioner EUR til almennyttige form\u00e5l.<br \/>\nBegge fonde er blevet kreeret af Villum Kann Rasmussen \u2013 grundl\u00e6ggeren af \u200b\u200bVELUX og andre selskaber i VKR Gruppen, hvis mission det er at bringe dagslys, frisk luft og bedre milj\u00f8 ind i menneskers hverdag.<\/p>\n<p><img loading=\"lazy\" decoding=\"async\" class=\"size-medium wp-image-18 aligncenter\" src=\"http:\/\/autismancaar.ro\/respiro\/wp-content\/uploads\/2017\/01\/copy-campanie-banner-300x39.jpg\" alt=\"\" width=\"300\" height=\"39\" srcset=\"http:\/\/autismancaar.ro\/respiro\/wp-content\/uploads\/2017\/01\/copy-campanie-banner-300x39.jpg 300w, http:\/\/autismancaar.ro\/respiro\/wp-content\/uploads\/2017\/01\/copy-campanie-banner.jpg 460w\" sizes=\"auto, (max-width: 300px) 100vw, 300px\" \/><\/p>\n<p><strong>VELUX FONDEN<\/strong>\u00a0er en non-profit fond, der blev oprettet i 1981 Villum Kann Rasmussen med, grundl\u00e6gger af VELUX Gruppen og andre selskaber i VKR Gruppen, hvis mission er \u00eenseninarea, forfriskning og forbedre livet for mennesker hver dag.<br \/>\nVELUX FONDEN doneret af \u00e6ldre til at muligg\u00f8re og tilskynde dem til at yde et reelt bidrag til udviklingen af \u200b\u200bderes liv og dem omkring.<br \/>\nVELUX FONDEN st\u00f8tter forskningsprojekter inden for gerontologi, oftalmologi og humanit\u00e6re projekter.<br \/>\nUd over disse omr\u00e5der af interesse, Fonden donerer penge til kulturelle form\u00e5l, Milj\u00f8, sociale og kunstneriske.<\/p>\n","protected":false},"excerpt":{"rendered":"<p>Financier Velux FONDE\u00a0best\u00e5r af de to almennyttige fonde VILLUM FONDEN og VELUX FONDEN. Blandt vores tilskud omr\u00e5der er naturlige, teknisk, sundhed og humaniora. Vi st\u00f8tter ogs\u00e5 milj\u00f8m\u00e6ssige, sociale og kulturelle form\u00e5l i Danmark og internationalt. I 2014, de to fonde gav f\u00e6lles donationer af ca.. 150 millioner EUR til almennyttige form\u00e5l. Begge fonde er blevet [&hellip;]<\/p>\n","protected":false},"author":1,"featured_media":0,"parent":0,"menu_order":0,"comment_status":"closed","ping_status":"closed","template":"","meta":{"footnotes":""},"class_list":["post-51","page","type-page","status-publish","hentry"],"_links":{"self":[{"href":"http:\/\/autismancaar.ro\/respiro\/wp-json\/wp\/v2\/pages\/51","targetHints":{"allow":["GET"]}}],"collection":[{"href":"http:\/\/autismancaar.ro\/respiro\/wp-json\/wp\/v2\/pages"}],"about":[{"href":"http:\/\/autismancaar.ro\/respiro\/wp-json\/wp\/v2\/types\/page"}],"author":[{"embeddable":true,"href":"http:\/\/autismancaar.ro\/respiro\/wp-json\/wp\/v2\/users\/1"}],"replies":[{"embeddable":true,"href":"http:\/\/autismancaar.ro\/respiro\/wp-json\/wp\/v2\/comments?post=51"}],"version-history":[{"count":2,"href":"http:\/\/autismancaar.ro\/respiro\/wp-json\/wp\/v2\/pages\/51\/revisions"}],"predecessor-version":[{"id":61,"href":"http:\/\/autismancaar.ro\/respiro\/wp-json\/wp\/v2\/pages\/51\/revisions\/61"}],"wp:attachment":[{"href":"http:\/\/autismancaar.ro\/respiro\/wp-json\/wp\/v2\/media?parent=51"}],"curies":[{"name":"wp","href":"https:\/\/api.w.org\/{rel}","templated":true}]}}