{"id":1191,"date":"2012-03-01T16:46:03","date_gmt":"2012-03-01T16:46:03","guid":{"rendered":"http:\/\/autismancaar.ro\/?page_id=1191"},"modified":"2012-03-01T16:46:03","modified_gmt":"2012-03-01T16:46:03","slug":"lobby","status":"publish","type":"page","link":"http:\/\/autismancaar.ro\/ro\/noutati-2\/lobby\/","title":{"rendered":"Lobby"},"content":{"rendered":"<p><strong>Miting si pentru sus\u021binerea \u201cPeti\u021biei pentru drepturile persoanelor cu autism&#8221;, 28 mai 2012, Bucuresti<\/strong>. <a href=\"http:\/\/autismancaar.ro\/?p=1311\">Citeste<\/a><\/p>\n<p><strong>Emisie de timbre cu ocazia Zilei Interna\u021bionale a Autismului, 2 aprilie 2012<\/strong>. <a href=\"http:\/\/www.disabilityscoop.com\/2012\/02\/06\/new-postage-artists-autism\/14917\/\">Cite\u0219te<\/a><\/p>\n<p><strong>Autismul, cauz\u0103 na\u021bional\u0103 de \u00eenalt\u0103 prioritate \u00een 2012 \u00een Fran\u021ba<\/strong>. <a href=\"http:\/\/www.gouvernement.fr\/premier-ministre\/francois-fillon-notre-combat-pour-l-autisme-a-toute-sa-part-dans-nos-politiques-pub\">Cite\u0219te<br \/>\n<\/a><\/p>\n<p><strong>Peti\u021bie \u00eempotriva folosirii peiorative a termenului de AUTISM de c\u0103tre politicienii din Rom\u00e2nia<\/strong>. <a href=\"http:\/\/www.petitieonline.com\/nu_folosirii_termenului_autism_in_sens_peiorativ_de_politicieni\">Semneaz\u0103!<\/a><\/p>\n","protected":false},"excerpt":{"rendered":"<p>Miting si pentru sus\u021binerea \u201cPeti\u021biei pentru drepturile persoanelor cu autism&#8221;, 28 mai 2012, Bucuresti. Citeste Emisie de timbre cu ocazia Zilei Interna\u021bionale a Autismului, 2 aprilie 2012. Cite\u0219te Autismul, cauz\u0103 na\u021bional\u0103 de \u00eenalt\u0103 prioritate \u00een 2012 \u00een Fran\u021ba. Cite\u0219te Peti\u021bie \u00eempotriva folosirii peiorative a termenului de AUTISM de c\u0103tre politicienii din Rom\u00e2nia. Semneaz\u0103!<\/p>\n","protected":false},"author":2,"featured_media":0,"parent":195,"menu_order":5,"comment_status":"open","ping_status":"closed","template":"","meta":{"ngg_post_thumbnail":0,"footnotes":""},"class_list":["post-1191","page","type-page","status-publish","hentry"],"_links":{"self":[{"href":"http:\/\/autismancaar.ro\/ro\/wp-json\/wp\/v2\/pages\/1191","targetHints":{"allow":["GET"]}}],"collection":[{"href":"http:\/\/autismancaar.ro\/ro\/wp-json\/wp\/v2\/pages"}],"about":[{"href":"http:\/\/autismancaar.ro\/ro\/wp-json\/wp\/v2\/types\/page"}],"author":[{"embeddable":true,"href":"http:\/\/autismancaar.ro\/ro\/wp-json\/wp\/v2\/users\/2"}],"replies":[{"embeddable":true,"href":"http:\/\/autismancaar.ro\/ro\/wp-json\/wp\/v2\/comments?post=1191"}],"version-history":[{"count":0,"href":"http:\/\/autismancaar.ro\/ro\/wp-json\/wp\/v2\/pages\/1191\/revisions"}],"up":[{"embeddable":true,"href":"http:\/\/autismancaar.ro\/ro\/wp-json\/wp\/v2\/pages\/195"}],"wp:attachment":[{"href":"http:\/\/autismancaar.ro\/ro\/wp-json\/wp\/v2\/media?parent=1191"}],"curies":[{"name":"wp","href":"https:\/\/api.w.org\/{rel}","templated":true}]}}

<p><strong>Miting si pentru susținerea “Petiției pentru drepturile persoanelor cu autism&#8221;, 28 mai 2012, Bucuresti</strong>. <a href="http://autismancaar.ro/?p=1311">Citeste</a></p>
<p><strong>Emisie de timbre cu ocazia Zilei Internaționale a Autismului, 2 aprilie 2012</strong>. <a href="http://www.disabilityscoop.com/2012/02/06/new-postage-artists-autism/14917/">Citește</a></p>
<p><strong>Autismul, cauză națională de înaltă prioritate în 2012 în Franța</strong>. <a href="http://www.gouvernement.fr/premier-ministre/francois-fillon-notre-combat-pour-l-autisme-a-toute-sa-part-dans-nos-politiques-pub">Citește<br />
</a></p>
<p><strong>Petiție împotriva folosirii peiorative a termenului de AUTISM de către politicienii din România</strong>. <a href="http://www.petitieonline.com/nu_folosirii_termenului_autism_in_sens_peiorativ_de_politicieni">Semnează!</a></p>

<p>Miting si pentru susținerea “Petiției pentru drepturile persoanelor cu autism&#8221;, 28 mai 2012, Bucuresti. Citeste Emisie de timbre cu ocazia Zilei Internaționale a Autismului, 2 aprilie 2012. Citește Autismul, cauză națională de înaltă prioritate în 2012 în Franța. Citește Petiție împotriva folosirii peiorative a termenului de AUTISM de către politicienii din România. Semnează!</p>
